List the prime factors of t(-16).
5, 29
Let j = -10709 + 21141. List the prime factors of j.
2, 163
Let g = -76 - -79. Suppose -10*t - 1 = l - 5*t, g*t = -5*l + 17. What are the prime factors of (0 + 160)/(-3 + l/1)?
2, 5
Let f(s) = s - 100. Let q be f(9). Suppose -3*h = -6*h + 459. Let z = q + h. List the prime factors of z.
2, 31
Let s be (28/6)/(5/(-15) + 1). Suppose -y = s*l - 9*l - 292, -3*l = 2*y - 556. List the prime factors of y.
2, 71
Suppose 3*m + 4*o = 4234, 1438 = -5*m + 6*m - 4*o. Suppose 6*g = m + 1282. What are the prime factors of g?
2, 3, 5
Let m(t) = -2*t**2 + 15*t - 83. Let d be m(9). Let n(k) = -8*k**3 + 4*k**2 - 3*k. Let y be n(2). Let r = y - d. What are the prime factors of r?
2, 7
Let u(g) = 57*g**3 + 3*g**2 - 7*g + 4. List the prime factors of u(5).
67, 107
Let t(w) = -2*w**2 - 11*w. Suppose 4*g + 9 = -7. Let q be t(g). Suppose q = -12*i + 1008. List the prime factors of i.
83
Let w(h) = -15*h**2 + 20*h + 50. Let s be w(-6). Let v = s - -1260. List the prime factors of v.
2, 5, 13
Suppose 5*o = -3*p + 25, -5*o + 3*p = p - 25. Suppose -16 = -o*y + 14. Suppose -464 = -10*v + y*v. What are the prime factors of v?
2, 29
Let c be 230/92*((-46)/(-10) - 1). Let p(o) = 80*o - 24. What are the prime factors of p(c)?
2, 3, 29
What are the prime factors of 843565/15 - (-10 + -6*(-58)/36)?
2, 3, 7, 13, 103
Suppose 5*t - 18 = -43, -3*h + 121961 = -t. List the prime factors of h.
2, 10163
List the prime factors of 157715/13 + (-279)/(-3627).
2, 3, 337
Let p(d) = d**3 - 25*d**2 + 26*d - 44. Let l be p(24). Suppose 422 - 118 = l*i. Suppose -94 - i = -2*b. What are the prime factors of b?
5, 17
Let a = 17708 + -9135. List the prime factors of a.
8573
Suppose 136440 = 2*d - 2*v, d + 2*v = 30676 + 37565. List the prime factors of d.
68227
Let t(g) = 69*g**3 + 9*g**2 - 83*g - 50. What are the prime factors of t(6)?
2, 5, 367
Let l(w) = w**2 - 6*w + 24. Let u be (-6)/(-18) - 596/(-12). Let n = 66 - u. List the prime factors of l(n).
2, 23
Suppose 0 = 240*o + 37*o - 14535575. What are the prime factors of o?
5, 2099
Let d(y) = y**3 - 6*y**2 - 8*y - 2. Let m be d(7). Let k(f) be the third derivative of f**5/60 + 13*f**3/6 + 6*f**2 - 8*f. What are the prime factors of k(m)?
2, 47
List the prime factors of (-21)/(1*(547/(-2421) + 26/117)).
3, 7, 269
Let x(l) = -l**2 + l + 3. Let m be x(0). Let y be 0/(-11)*(2 - m). Suppose 3*v - 170 = v + 2*d, 3*v + d - 239 = y. List the prime factors of v.
3
Suppose -62 = -5*g - r, -3*r = -47*g + 45*g + 35. Suppose -g*n = 10*n - 26151. List the prime factors of n.
3, 379
Let u = -6646 - -10098. List the prime factors of u.
2, 863
Let l = -546 - -553. Let x(n) = 214*n + 18. What are the prime factors of x(l)?
2, 379
Let b = 617 - -1892. Suppose -8*x + b = -1915. What are the prime factors of x?
7, 79
Let p(q) = -q**3 - 9*q**2 + 25*q + 37. Let l be p(-11). Suppose -3*t = -5*s + l*s - 1144, 3*s - 1916 = -5*t. List the prime factors of t.
2, 191
Let o = -593 + 3782. List the prime factors of o.
3, 1063
Let b(w) = 552*w - 607. What are the prime factors of b(7)?
3257
Let y be -27*(-1 - 1/(-2))*-8. Let j be (y - -1)*(2 - 3) + 0. What are the prime factors of j + (-5 - -1 - 1)?
2, 3, 17
What are the prime factors of (-1)/((-14)/4) - 98552/(-28)?
2, 5, 11
Suppose 6*d + 5*v = 2*d + 16, 12 = 3*d - 4*v. Suppose -4*u = 3*b - 422 - 228, 0 = -d*b + 2*u + 896. Let s = -157 + b. What are the prime factors of s?
5, 13
Suppose b + 5*k - 3 = -19, 5*b - 3*k + 24 = 0. Let l(r) = -r**3 - 5*r**2 + 2*r + 4. Let h be l(b). List the prime factors of 15/5 - h/(-4).
2, 5
Suppose z = 3*z - 3*u - 22299, 4*u = -4*z + 44628. What are the prime factors of z?
2, 3, 11, 13
Let s = 41850 - 26741. List the prime factors of s.
29, 521
Let k = 17262 - 11691. List the prime factors of k.
3, 619
Suppose 2*c - 2121 - 9237 = 0. List the prime factors of c.
3, 631
Suppose -3*k + u - 7 = -1, 5 = -2*k + u. Let x(s) = -3*s**3 + 2*s**2 - 2. Let c be x(k). Suppose c*t + t = 500. What are the prime factors of t?
5
Let v(a) = a**3 - 22*a**2 - 24*a + 51. Let p be v(23). Let w(b) = -b + 6. Let y be w(5). What are the prime factors of 5016/p + y/(-7)?
179
Let f(m) = -m**3 + 32*m**2 + 54*m + 71. Let z = -55 + 88. List the prime factors of f(z).
2, 191
Suppose -4*v = -4*s - 6*v - 672, 2*v = 8. What are the prime factors of s/(-2)*34/10?
17
Let u be (25/(-20))/((-1)/132). Let f = u - 162. What are the prime factors of f?
3
What are the prime factors of ((-112)/(-10))/((6 - (-36956)/(-3360)) + 5)?
2, 3, 7
Let h(l) be the first derivative of 33/2*l**2 + 14 - 35*l. What are the prime factors of h(6)?
163
Let s(v) be the first derivative of v**4/4 + 17*v**3/3 + v**2/2 + 20*v - 3. Let f be s(-17). Suppose -64 + 193 = f*o. List the prime factors of o.
43
Let l = 109 - 100. Suppose 20*v - l*v - 110 = 0. Suppose 0 = -7*n + v*n - 546. What are the prime factors of n?
2, 7, 13
Suppose -3*i + 2*s - 10 = 2*i, -5*i + 25 = 5*s. Suppose 11*x + 2 + 20 = i. What are the prime factors of (-48)/x - (10 + -10)?
2, 3
Suppose -3*u - u = 2*d - 2, 0 = -5*u - 15. Suppose 2*k = d*k - 110. Suppose 0 = 17*v - k*v + 810. What are the prime factors of v?
2, 3
Suppose 71*k + 33376 = 79*k. Suppose -9*a + k = -1741. List the prime factors of a.
3, 73
Suppose 0 = -15*p - 164 - 556. Suppose 2*s + s - 168 = 0. Let k = p + s. List the prime factors of k.
2
Let f(g) = 0*g - 66 + 8*g + 108 - 35 + 5*g**2. Suppose 0 = -2*j + 3*j + 5. List the prime factors of f(j).
2, 23
Suppose 7*c - 3*w = 12*c - 636, 3*w + 120 = c. Let f = 121 - c. What are the prime factors of 281 - (0/(-1) + f)?
2, 11, 13
Let k = 93 + -72. Let z = k + 107. Let a = 187 - z. List the prime factors of a.
59
Let u = 1820 + 2597. List the prime factors of u.
7, 631
Suppose 0 = p - 2*v - 33, -v - 3*v = -3*p + 99. Suppose -2*t + 12*h - 7*h + 333 = 0, 0 = -5*t + 4*h + 875. Let o = t - p. What are the prime factors of o?
2, 73
Suppose -2*j - 5*j = -168. List the prime factors of (-4)/(j/30)*-5.
5
Let g = 1495 + -593. Let i = -568 + g. List the prime factors of i.
2, 167
What are the prime factors of (2/(-8))/((-27)/7699428)?
11, 6481
Let c be (24/(-20))/((-3)/(-10)). What are the prime factors of 4/(-6)*(c - 764)?
2
Let o = 31 + -58. Let f = o - -43. Let q(n) = 7*n + 4. What are the prime factors of q(f)?
2, 29
Suppose 0*x - 10 = -x - 3*g, -20 = -2*x - g. Let f = -843 - -841. List the prime factors of f/(-4)*4620/x.
3, 7, 11
Let b = 2224 - -509. Let h = 5031 - b. What are the prime factors of h/66 + (-2)/(-11)?
5, 7
Let f(t) = t**2 - 2*t + 21. Let v be f(6). Let y be (-8)/12*v/10. Let p(b) = -58*b + 10. List the prime factors of p(y).
2, 23
Let v(u) = 649*u - 5083. What are the prime factors of v(11)?
2, 257
Suppose -15*g + 1892 + 1168 = 0. Let f = 387 - g. List the prime factors of f.
3, 61
Let o be ((-1)/(-4))/((161/140)/23). Suppose 2*a = 3*f - 2086, -2093 = -4*f + f - o*a. What are the prime factors of f?
2, 3, 29
Let f(m) = 2*m**2 - 7*m + 19. Let s(u) = -2*u**2 + 15*u - 38*u + 6 + 5 + 18*u. Let d be s(2). List the prime factors of f(d).
2, 83
Let l(w) = w**2 - 27 + 18*w - 13*w**3 + 15*w**3 - 6. List the prime factors of l(5).
2, 83
Suppose -2*m - 7012 = 2*m. Suppose 4*n + 2*l = 7*n - 40, -l = n - 5. List the prime factors of m/(-15) - n/(-75).
3, 13
Let y(g) = 30*g**2 + 278*g - 292. What are the prime factors of y(-35)?
2, 13, 257
Let a = -11362 - -17720. What are the prime factors of a?
2, 11, 17
Suppose 26*r + 121111 = 5*t + 28*r, 4*t = 4*r + 96900. What are the prime factors of t?
24223
Let r(n) = 1280*n**2 + 110*n + 29. List the prime factors of r(-4).
7, 47, 61
Suppose l = 4*r - 22 + 5, -3*l + 9 = 0. Let t be r*(1/(-5))/(2/(-104)). Suppose -t*q = -55*q + 249. List the prime factors of q.
83
Let j(d) = 29*d - 2. Suppose -14*n + 16*n = 0. Suppose 2*z + 5*a - 1 = n, -2*z + 3*z - 7 = 4*a. List the prime factors of j(z).
5, 17
Suppose 5*s = 9*s - 728. Suppose -297 = 3*j - 4*g - 823, -j = 2*g - s. Let r = j + -86. What are the prime factors of r?
2, 23
Suppose -11*v = 39*v + 56*v - 2428248. What are the prime factors of v?
2, 3, 23, 83
Let p be 2/8 + (-51)/(-4). Let s(x) = 5*x - p*x + 11 + 1. What are the prime factors of s(-9)?
2, 3, 7
Suppose 42*s - 20*s - 4664 = 0. Suppose 207*n = s*n - 1305. What are the prime factors of n?
3, 29
